{"id":2114,"date":"2014-12-01T05:04:20","date_gmt":"2014-12-01T04:04:20","guid":{"rendered":"https:\/\/portail.college-paulhermann.ac-reunion.fr\/wordpress\/?page_id=2114"},"modified":"2014-12-01T05:04:20","modified_gmt":"2014-12-01T04:04:20","slug":"mes-applications","status":"publish","type":"page","link":"https:\/\/portail.college-paulhermann.ac-reunion.fr\/wordpress\/mes-applications\/","title":{"rendered":"Mes applications"},"content":{"rendered":"<p><b>ENT M\u00e9tice :<\/b><\/p>\n<p><a HREF=\"http:\/\/metice.ac-reunion.fr\" target=\"_blank\"> <img decoding=\"async\" style=\"border: 0 none;float: center\" src=\"https:\/\/portail.college-paulhermann.ac-reunion.fr\/wordpress\/wp-content\/uploads\/2014\/10\/image_metice.png\" \/><\/a><br \/>\n<\/p>\n<p><b>La messagerie acad\u00e9mique :<\/b><\/p>\n<p><a HREF=\"https:\/\/webmail.ac-reunion.fr\" target=\"_blank\"> <img decoding=\"async\" style=\"border: 0 none;float: center\" src=\"https:\/\/portail.college-paulhermann.ac-reunion.fr\/wordpress\/wp-content\/uploads\/2014\/10\/webmail.png\" \/><\/a><br \/>\n<\/p>\n<p><b>e-sidoc :<\/b><\/p>\n<p><a HREF=\"http:\/\/9740574f.esidoc.fr\" target=\"_blank\"> <img decoding=\"async\" style=\"border: 0 none;float: center\" src=\"https:\/\/portail.college-paulhermann.ac-reunion.fr\/wordpress\/wp-content\/uploads\/2014\/10\/esidoc.png\" \/><\/a><br \/>\n<\/p>\n<p><b>R\u00e9diger un article sur le site :<\/b><\/p>\n<p><a HREF=\"http:\/\/portail.college-paulhermann.ac-reunion.fr\/wordpress\/wp-admin\/post-new.php\" target=\"_blank\"> <img decoding=\"async\" style=\"border: 0 none;float: center\" src=\"https:\/\/portail.college-paulhermann.ac-reunion.fr\/wordpress\/wp-content\/uploads\/2014\/10\/wordpress.png\" \/><\/a><\/p>\n","protected":false},"excerpt":{"rendered":"<p>ENT M\u00e9tice : La messagerie acad\u00e9mique : e-sidoc : R\u00e9diger un article sur le site :<\/p>\n","protected":false},"author":851,"featured_media":0,"parent":0,"menu_order":0,"comment_status":"closed","ping_status":"closed","template":"","meta":{"ngg_post_thumbnail":0,"_links_to":"","_links_to_target":""},"_links":{"self":[{"href":"https:\/\/portail.college-paulhermann.ac-reunion.fr\/wordpress\/wp-json\/wp\/v2\/pages\/2114"}],"collection":[{"href":"https:\/\/portail.college-paulhermann.ac-reunion.fr\/wordpress\/wp-json\/wp\/v2\/pages"}],"about":[{"href":"https:\/\/portail.college-paulhermann.ac-reunion.fr\/wordpress\/wp-json\/wp\/v2\/types\/page"}],"author":[{"embeddable":true,"href":"https:\/\/portail.college-paulhermann.ac-reunion.fr\/wordpress\/wp-json\/wp\/v2\/users\/851"}],"replies":[{"embeddable":true,"href":"https:\/\/portail.college-paulhermann.ac-reunion.fr\/wordpress\/wp-json\/wp\/v2\/comments?post=2114"}],"version-history":[{"count":1,"href":"https:\/\/portail.college-paulhermann.ac-reunion.fr\/wordpress\/wp-json\/wp\/v2\/pages\/2114\/revisions"}],"predecessor-version":[{"id":2115,"href":"https:\/\/portail.college-paulhermann.ac-reunion.fr\/wordpress\/wp-json\/wp\/v2\/pages\/2114\/revisions\/2115"}],"wp:attachment":[{"href":"https:\/\/portail.college-paulhermann.ac-reunion.fr\/wordpress\/wp-json\/wp\/v2\/media?parent=2114"}],"curies":[{"name":"wp","href":"https:\/\/api.w.org\/{rel}","templated":true}]}}